t m(v) = -17*v - 55. Let q be m(-8). What is the highest common divisor of 9 and q?
9
Suppose 4*p + 6 + 2 = 0, -d = -2*p - 6. Let n(s) = 1 - 4 + d*s - 5. Let k be n(12). What is the highest common factor of 16 and k?
16
Let u(c) = -2*c - 9. Let j be u(-6). Let n = -18 - -26. Suppose -w + n = 3*k, 0 = -2*k + 4*k + 5*w - 1. Calculate the highest common divisor of j and k.
3
Suppose 15*b = 7*b + 288. Let m be 36/((-3)/(-3)) - 0. What is the highest common divisor of b and m?
36
Let q = 309 - 304. What is the greatest common divisor of 135 and q?
5
Suppose 0 = -2*c, 2*j - c + 66 = -0*j. Let v = 40 + j. What is the greatest common factor of 7 and v?
7
Let y be (-12035)/116*(-5 - -1). What is the greatest common factor of 83 and y?
83
Let x(n) = 20*n. Let o be x(1). What is the greatest common factor of 50 and o?
10
Let i = 411 + -175. What is the highest common divisor of 177 and i?
59
Let m(a) = 18*a - 36. Let x be m(3). Calculate the highest common factor of x and 261.
9
Suppose 0 = -5*v - 5*r - 105, 2*v + 3*r = -0*v - 47. Let c(a) = 2*a**2 + 24*a - 23. Let g be c(v). What is the greatest common divisor of g and 30?
15
Let n(h) = -8*h**2 + h - 1. Let r be n(1). Let z = -15 - r. Let k be z/(35/(-10)) - -3. Calculate the greatest common factor of 2 and k.
1
Suppose 2*f - 24 = -2*u, -30 = -5*u - f + 10. Let m be (-21)/(0 + 2/(-6)). What is the greatest common divisor of m and u?
7
Suppose -139*l - 392 = -146*l. What is the highest common divisor of l and 14?
14
Let q = -490 - -902. Calculate the highest common divisor of 4 and q.
4
Let t = -4 + 8. Suppose 3*a = -4*s + 2*s + 37, s = -t*a + 51. What is the highest common divisor of a and 13?
13
Suppose 3*u = -2*a + 433, u + a - 434 = -2*u. What is the greatest common divisor of u and 319?
29
Let g = 16 + -12. Suppose 0*q + 2*q - 4*z = -2, 5*q - 9 = -g*z. Calculate the greatest common divisor of q and 4.
1
Let n = -273 - -513. What is the greatest common divisor of n and 30?
30
Suppose -8 - 10 = -9*v. Suppose -4*h - 4*c = h - 62, -v*h = 2*c - 26. What is the highest common factor of 30 and h?
10
Suppose -350 = -31*l - 4*l. What is the greatest common factor of l and 270?
10
Let z be (-8)/2 + (-9)/(-3) - -27. Calculate the highest common factor of 442 and z.
26
Let c = -190 - -214. What is the greatest common factor of 114 and c?
6
Suppose 0 = -3*f + 4*q + 188, -2*q - 10 = 3*q. Let l = 9 - 6. Suppose -l*w - 24 = -5*w. Calculate the highest common divisor of w and f.
12
Suppose 12 = 4*v - 0. Suppose v*a = -4*g + 369, -4*a - 59 = -g + 57. Suppose -j + 24 = j. What is the greatest common factor of g and j?
12
Let r(z) = -z**2 - 14*z + 213. Let j be r(9). Let s(c) = 4*c. Let q be s(3). Calculate the highest common divisor of q and j.
6
Let r = -1376 - -1430. What is the greatest common divisor of 2 and r?
2
Let q = -11 - -31. Suppose -5*m + 8*o + 240 = 3*o, 2*m = 5*o + 90. Calculate the highest common factor of m and q.
10
Let x be 8/(-8)*(-2 + -13). Suppose -2*u + 5*u = 2*r + 5, -3*u = 3*r + x. Let d(k) = -4*k - 7. Let p be d(r). What is the highest common divisor of 45 and p?
9
Suppose 4*f = 20, -2*f = -2*o + f - 7. What is the greatest common divisor of o and 60?
4
Suppose p + 40 = -m, -2*p + 2*m - 15 = 81. Let o = p + 55. What is the greatest common factor of 1 and o?
1
Suppose -b - 2*u = -36, -5*u = b - 42 - 3. Suppose 0 = -3*z + 136 - 1. Calculate the greatest common divisor of b and z.
15
Let k = -1325 - -1694. What is the highest common factor of k and 41?
41
Suppose 2*j - 2*o - 38 - 4 = 0, 0 = j - 5*o - 29. Let i = 9 + 162. Calculate the greatest common factor of j and i.
19
Suppose t - o - 216 = 0, 10*t = 11*t + 4*o - 231. What is the highest common divisor of 12 and t?
3
Suppose 2*u = -5*g + 11, 2*g - 1 + 11 = 4*u. Let y = g - 8. Let b(r) = r**3 + 9*r**2 + 2*r + 4. Let z be b(y). Calculate the highest common factor of z and 11.
11
Suppose -10*t = -3*t. Suppose -p - 4*z = -t*p - 24, 0 = -2*z - 4. Calculate the highest common factor of 224 and p.
32
Let o be 642/(-3 - -4) - (14 - 11). Calculate the highest common divisor of o and 9.
9
Let s(l) = 27*l - 6*l - 17 + 16. Let u be s(-1). Let g = u - -55. What is the highest common divisor of g and 3?
3
Suppose -93*x - 228 = -96*x - 2*g, -g + 75 = x. Calculate the highest common factor of 12 and x.
6
Let i(u) = -u**3 + 9*u**2 - 3*u + 39. Let s be i(9). What is the highest common divisor of s and 4?
4
Suppose -3*p - 2 = 10, 4*p = x - 24. Let h(u) = -u**3 - 4*u - 4. Let i be h(-1). Calculate the greatest common factor of x and i.
1
Suppose -5*u = j - 4*j - 3748, 4*u + 3*j - 2993 = 0. Suppose v - 2*s - 213 = 0, 3*v + 5*s = u - 132. What is the highest common factor of 19 and v?
19
Let u be 4*3 + 0*(-9)/162. Calculate the highest common divisor of u and 51.
3
Suppose 4*l - r - 8 = 0, 3*r = -3*l - 2*l + 27. What is the greatest common divisor of l and 87?
3
Let a(x) = -x**2 - 6*x + 2. Let z be a(-6). Suppose g + 5*o + 0*o = -6, -2 = 2*o. Let n be 0 - (-1)/(g/(-22)). Calculate the highest common divisor of n and z.
2
Let s = 511 + 112. Calculate the highest common factor of s and 14.
7
Let w be (-1822)/(-10) - (132/10 + -13). Calculate the greatest common divisor of 234 and w.
26
Suppose 0 = 3*t + 4*d - 77, 0*d - d + 151 = 5*t. Calculate the greatest common factor of t and 155.
31
Suppose -5*a = -21 - 4, d - 15 = -3*a. Let q = -8 + d. Let r(y) = y**2 + 6*y - 3. Let p be r(q). What is the highest common divisor of 13 and p?
13
Suppose -274*b + 275*b - 2236 = 0. Calculate the highest common factor of b and 26.
26
Let g = 73 - 18. Let l(f) = f**3 + 23*f**2 + 20*f - 39. Let d be l(-22). What is the greatest common factor of g and d?
5
Suppose -5*x - 200 = -5*z, 2*z - 3*x = 90 - 6. Calculate the greatest common factor of z and 342.
18
Suppose 2*v - 1024 = -248. What is the greatest common divisor of v and 4?
4
Suppose -2*w - 19 = -3*k, -2*w + 6*w = 4*k - 28. Suppose -4*l + 0*l = -80. Calculate the highest common divisor of l and k.
5
Let j(o) = 20*o + 5. Suppose 4*t - 6 - 2 = 0. Let n be j(t). Suppose u + 0*u - 5 = 0. What is the greatest common divisor of u and n?
5
Let h be (60/2)/((-2)/(-4)). Calculate the highest common factor of 80 and h.
20
Let s be -60*((-24)/15 - -1). Calculate the highest common divisor of 5652 and s.
36
Suppose -3*w = t - 135, 4*w + 6*t - 191 = t. What is the greatest common factor of 66 and w?
22
Let i = 283 + -199. Calculate the greatest common divisor of i and 21.
21
Let l(j) = -6*j + 1. Let k be l(-4). Let f(w) = 22*w + 21. Let t be f(-7). Let p be (t - 2)*(-35)/21. What is the greatest common factor of k and p?
25
Suppose -2*d + 6*d = 8, -4*z - 5*d = -738. Calculate the highest common factor of z and 26.
26
Let q(u) = 5*u**2 - 22*u + 7. Let z be (-12)/9*(-18)/4. Let j be q(z). What is the greatest common factor of j and 11?
11
Suppose -3*x + 25 = 4*q, -3*x - 5*q + 3*q = -35. Suppose -5*j - 5 = -20. Let c be (j/(-2))/((-3)/6). What is the greatest common divisor of x and c?
3
Let y = -23 + 40. Let k(q) = -q**3 + 19*q**2 - 30*q + 23. Let m be k(y). Calculate the highest common factor of 13 and m.
13
Suppose -4*z + 6 = 4*f - 86, z + 77 = 4*f. Suppose 0 = 3*y - y - 2*p - f, -y + 8 = -2*p. Calculate the greatest common divisor of y and 72.
12
Let w(u) = -u**2 - 3*u + 7. Let x(q) = q**2 + 2*q - 4. Let f(z) = 6*w(z) + 11*x(z). Let t be f(5). What is the highest common divisor of t and 13?
13
Let p(i) = i**2 - 9*i + 5. Let k be p(10). Let o be k/2 + (-36)/24. What is the highest common factor of o and 6?
6
Let s be (-24 + 15)*(-6)/9. What is the greatest common divisor of 1 and s?
1
Let d(i) = 72*i**2. Let x be d(1). What is the greatest common divisor of 126 and x?
18
Let k be 4180/100 + (-2)/(-10). Let w = 23 - 50. Let f = -13 - w. Calculate the highest common divisor of f and k.
14
Suppose 3*p + 2 = -4, 5*z - 4*p = 253. Let j be (-38)/(-7) - -2*14/z. What is the highest common factor of 15 and j?
3
Let c(u) = -u**3 + u**2 + 5*u + 3. Let d be c(-3). Calculate the highest common divisor of d and 132.
12
Let s = 1227 + -996. Let h(k) = -k**2 + 10*k + 12. Let f be h(9). What is the greatest common divisor of f and s?
21
Let c be (-2)/7 - 494/(-14). Let h(v) = 5*v**3 - 260*v**2 + 2*v - 69. Let f be h(52). What is the greatest common divis